))
25
3 - -92 - (-1 - (-12 + -2 + 3)) - 3
82
What is (-139 - -137) + 50 - 24?
24
Calculate (-6 - (-3 + -29)) + (-53 - (-16 - 32)).
21
What is the value of -8 - 49 - (-143 - -52)?
34
What is the value of -34 + (40 - (39 - 20) - 8)?
-21
What is -5 + 8 + -3 + 72 - (63 + -99 + 48)?
60
Calculate -4 + 4 - -48 - (-13 + 10 + 10 + -11).
52
What is the value of (3 + -5 - -5 - (0 - 1)) + -1?
3
What is 47 - 22 - (51 + -36) - (1 + 7)?
2
Calculate 7 + (8 - (12 - -15)) + 19.
7
What is -14 + -2 - (-128 + 124 + -128)?
116
(-111 - (146 - 135)) + 150
28
Calculate (13 - -34) + (10 - 1) - -1.
57
What is -18 + 13 + -9 - (10 + 16 + -37)?
-3
Calculate -12 + (0 - -6) + 14 - (-56 + 72) - -18.
10
Calculate 31 + -7 + 11 + -14 + 2.
23
Evaluate 4 + -1 - (-10 + 15 + -7 + 67).
-62
What is -37 + -14 + 107 + -107?
-51
Evaluate (-156 - -149) + 67 + 0 - -8 - 3.
65
(3 - 2 - 3 - -1) + (613 - 579) - 13
20
Calculate 34 + -22 + (-7 - -4 - ((7 - 13) + -1)).
16
Evaluate 5 - -1 - (-2 + 0 - (-11 - -31)).
28
What is 97 + 318 + -384 - (104 - 1)?
-72
What is (-17 - 4) + -1 + 5 + 0 + 6?
-11
Evaluate 1 - (46 + -28) - (1 + -12 - -1).
-7
Calculate 6 + 0 + -4 + (-9 - (-2 - 12)) - -74.
81
Calculate (107 - 42 - 20) + 50.
95
Evaluate (14 - 51) + -3 - -17.
-23
Calculate -571 + 599 - (41 - 2) - -84.
73
Calculate (-2 - (4 + 15)) + 19 - ((-3 - 3) + 45).
-41
What is 1 - 17 - (12 + 0 + (-293 - -294) - 1)?
-28
Evaluate -19 - (-52 - (16 + -22 + 23)).
50
Calculate -48 - ((61 - -4) + (21 - 55)).
-79
333 + -455 + 5 + (6 - 1)
-112
Evaluate 9 + 739 + -759 + (0 - -18) + -83 + -1.
-77
What is -5 + -7 + 59 + -9 + 16 + 6?
60
0 + -32 + 695 + -717 + -20
-74
14 - (-2 - 2 - (-5 - 6)) - (27 + -44)
24
What is -64 + (88 - 36 - -28)?
16
What is the value of -28 - (31 + -30 - 8 - 52)?
31
What is -12 - ((-2 - 100) + 73)?
17
What is -15 - (10 + 40 + -32)?
-33
-21 + (-5 - 1) + 15 + 0 + 27
15
Evaluate (-34 - -15) + 19 + (-14 - -31).
17
-8 - (41 + -3 - 15 - 11 - 52)
32
(9 - 76) + 17 + (9 - (5 - (10 - 24)))
-60
Evaluate (16 - -40) + -47 + -29.
-20
Evaluate 49 + 2 - -3 - 20 - -7.
41
Calculate -106 + 4 + 1 - (93 - 114).
-80
Evaluate -39 - (-8 + 1) - (198 - 164).
-66
Evaluate (5 - -1) + -96 + (4 - -48).
-38
Evaluate -4 + (0 - (-2 - -3)) - (-84 + -91 + 214).
-44
(25 - -12) + -33 - (4 - (0 + (-2 - 43)))
-45
Calculate (4 - 9) + 35 + (94 + -87 - (-1 - -12)).
26
What is the value of -13 - (-24 + (32 - 29)) - -85 - (-13 - 1)?
107
What is the value of -65 - (-13 + (4 - -8 - 8) + 4)?
-60
Evaluate -203 + 196 + 10 + 3.
6
Calculate (2 - -6) + (-53 - ((-11 - -14) + -12)).
-36
What is -1 - 28 - (1683 + -1735)?
23
Calculate -12 + 11 + 0 + -5 + 25 + 17.
36
Evaluate 23 - (14 - (-30 + 16)) - 75.
-80
Calculate (7 - -137) + -137 + (4 - 8 - -3) + -85.
-79
What is 3 - 7 - (-49 - -42) - -15?
18
-28 + (117 - (-56 + 85))
60
What is the value of (-7 + -7 - -31) + -226 + 185?
-24
53 + 5 + (8 + -48 - -25)
43
Evaluate 13 + -69 + 44 - (21 - -13).
-46
25 + -18 + -26 + -11 + 63
33
Evaluate -28 + (15 - 18 - -7) - (4 - 7 - 8).
-13
What is 11 + -12 + (3 - 1) - (-11 + 88 + 9)?
-85
Evaluate (10 - 0) + (-335 - -333) - -26.
34
What is the value of (-7 - 1) + (-40 + -1 - -39)?
-10
Evaluate (-36 - 3) + 0 + -22 + -2047 + 2077.
-31
Calculate -56 + 6 + (-172 - -182).
-40
What is the value of 142 + 48 + -34 + -74?
82
What is 1 + 97 - (205 + -203 + 12)?
84
Calculate (-4 - (-10 + 10)) + 0 + 12 + (5 - 25).
-12
Calculate -4 - (-58 + 59 - (-29 + -6)).
-40
What is the value of (21 + 118 - 18) + 10 + (-6 - -7)?
132
What is the value of -35 + -1 - (-11384 - -11297)?
51
-17 + (-40 + -3 + 23 - -25) + -5
-17
-17 + 24 - (-44 + 3 + 3)
45
What is the value of 25 + 4 + (8 - 14) + -79?
-56
Evaluate -40 - -26 - (5 - (0 - -9 - 20)).
-30
What is -7 + -28 - (-57 - 64 - -61)?
25
26 - (-23 - (7 + -22 + 8))
42
What is the value of (11 - (11 - 1) - -7) + (-5 - -2)?
5
Evaluate 76 + 42 + -43 + -67.
8
Calculate (-56 - ((10 - (19 + 3)) + 2 + 4)) + -12.
-62
What is the value of 341 + -341 + (22 - (0 + 1))?
21
What is (-65 - 2) + 739 + -778 - -20?
-86
Evaluate -6294 + 6186 - ((-1 - 15) + 2 + -2 - -1).
-93
What is 2 - -48 - (-49 - -31 - -14) - -2?
56
What is 202 + -212 - (1 - 22) - -34?
45
What is (10 - 0) + -14 + 14 - 56?
-46
1 - -26 - (5435 + -5460)
52
Calculate -5 + -16 + 2 + 2 + -251 + 253 - -3.
-12
What is (-1 - -10 - (-13 + (33 - (26 + -18)))) + 43?
40
What is 16 + -30 + -2 - -16 - -16?
16
Calculate -5 + (9 - 8 - 2 - -3) - (-10 + -83).
90
91646 + -91646 + 1 + (-2 - 155)
-156
Evaluate 3 - 1 - (72 + -13 - 77).
20
Evaluate 40 + 2 + 1 - 8 - -3.
38
What is 4 - 0 - (70 + -57 - (-2 + 47))?
36
Evaluate -361 - -417 - (-7 + 2 + 23).
38
Calculate -1921 + 1904 + 42 + 0 - (1 - -1).
23
What is the value of (-7 - -36 - (61 - 70)) + 29?
67
What is the value of 70 + (-1 - 1 - -2) + -75 + 16 + 46?
57
What is the value of -9598 + 9560 + (-7 - (0 - (-4 + 1) - 3))?
-45
What is the value of (59 + -30 - 26) + -32?
-29
39 + (40 - 69) + (-2 - (4 + 34))
-30
What is the value of -4 + (-45 - -19) + 12 + -5 + -13?
-36
What is the value of -10 + -2 + -80 + 93 - (35 + -13)?
-21
Calculate (5 - (-4 + 5) - 16) + 80 + -69.
-1
Calculate (6 + 7 + -17 - (-8 - -1)) + (2 - 22).
-17
What is the value of 26 + (10 + 0 - -31) - (17 - 2)?
52
Evaluate 66 - 72 - 11 - (0 - -1) - -43.
25
Evaluate 228 + -273 + (1 - (0 + 3 + -4)).
-43
What is (-33 - -41) + -38 - -15?
-15
Calculate 19 + (39 - -2 - 62).
-2
What is -2 - -39 - (1 + (-7 + 22 + -8 - 19))?
48
Evaluate 63 + (2 - ((-13 - -19 - 2) + 18)).
43
What is the value of (3 - 9) + -55 - (187 + -208)?
-40
Evaluate (-8 - (-4 + 31)) + (-16 - -13).
-38
What is the value of (-3 - (6 - -14)) + 38 - 9?
6
Calculate -56 + 213 + -185 - (69 + 1).
-98
Evaluate -6 - -37 - (-672 + 709).
-6
-12 + -1 - (-16 - (-15 + -16 - -16))
-12
Evaluate (-2 - -45) + -46 + 2 + 27.
26
What is (3 + 8 + -18 - -12) + 43 + -25?
23
What is the value of (17 - (25 + 4 + -16)) + 1 + -1?
4
Evaluate -16 + (-4 - (4 - (6 - -16))) - -11.
9
What is -11 + (-13 - (-62 - -25)) - 40?
-27
88 + -37 + 36 + -127
-40
Evaluate (-41 - (-4 + -41)) + -47.
-43
What is the value of 63 + 84 + -106 - (-2 - (-3 + 1 + -3))?
38
Calculate -42 + -2 + (3 - (14 - -6)) + -22.
-83
-21 - (-39 - 29) - 64
-17
What is the value of -44 - ((-28 - -10) + 12)?
-38
347 - 384 - (-14 - -1)
-24
What is 13 + -57 - (12 + (9 - 17 - 2))?
-46
Evaluate (22 - 63) + 22 - -32 - 9.
4
(-17 - -17 - -24) + (4 - (119 + 2))
-93
What is 5 - (48 - (-11 + -1 + 59 + -48))?
-44
What is (5 - -62 - 5) + (73 - 57)?
78
What is -134 - (123 + -67 + -81)?
-109
What is the value of -13 - (-17 - -6 - -61) - 8?
-71
58 + -19 + 17 + -4 + (-1 - 6)
45
-68 - (-6 - -2) - (-52 + 30 - -11)
-53
What is (-6 - -1) + (19 - -2) + -43?
-27
Evaluate -10 + (-6 - -14) + 40 + -14 + 3.
27
What is -4 + (3 + -26 - -6) + 81 + -70?
-10
What is -4 - 35 - (5 + 31 + -36 - (5 + -17))?
-51
What is the value of -10 - (4 + -7) - -59?
52
Calculate -119 + 44 + -44 + 35 - (10 - (1 + -3)).
-96
Evaluate -55 - -90 - 100 - (1 - 10).
-56
Evaluate 19 + -9 + 217 + -214 + 1 + 44 + 7.
65
97 - (5 + -6 - -50)
48
What is the value of 7 - (-590 - -607 - (0 + -8 + 5))?
-13
What is the value of -22 + 82 + (3 - 49)?
14
Calculate -59 + -28 + 59 + -21.
-49
What is 50 + -61 + (-5 - -7) + -30?
-39
What is the value of 4306 + -4288 + (-1 - 46)?
-29
-5 - 1 - (31 + (0 - 3 - 11))
-23
What is 23 + 19 + 23 - (-19 + 17)?
67
What is 30 + (-8 - 44) + 40?
18
Calculate 143 - -1 - ((-1 - -18) + 52 + -47 + -13).
135
Evaluate (73 - 47) + (-4 - 1) + 2 + 86.
109
What is -2 + (-3 - -2) + -25 + -17 + (23 - 22)?
-44
49 + 35 + (4 - 6 - 19)
63
Evaluate -177 + 192 - (-63 - (7 + -19)).
66
Calculate 33 + (38 - 132 - -39) + (2 + 0 - 0).
-20
Calculate -26 + -10 + 18 + 43 + -21.
4
What is -90 - (31 - (90 - 35))?
-66
10 - (22 + -39 - -36 - -53)
-62
Calculate 71 + (46 - 49) + 6.
74
What is the value of 16 + (16 - 0 - (-13 + (-2 - -21) + -22))?
48
Calculate (4 - -29) + -6 - (994 + -1067).
100
What is 83 + -64 + (63 - -22)?
104
Calculate 54 + (-21 + 3 - 20).
16
What is the value of 67 + -76 + (1 + -9 - -146) - -9?
138
22 - (-88 + (8 - -192))
-90
Calculate -8 - 23 - -19 - -10.
-2
100 - (-9 - (0 - 65))
44
4 - (533 + -421 - (1 + -27))
-134
What is the value of -48 - 1 - -1 - (13 + (11 - 16) + -17)?
-39
What is (39 - 26 - (18 - 5)) + 57?
57
Evaluate 21 + -6 + 6 + -30 + 13.
4
What is the value o